{"id":125,"date":"2023-04-30T10:38:13","date_gmt":"2023-04-30T10:38:13","guid":{"rendered":"https:\/\/alvaromadaune.com\/?page_id=125"},"modified":"2023-08-25T16:32:42","modified_gmt":"2023-08-25T16:32:42","slug":"muebles","status":"publish","type":"page","link":"https:\/\/alvaromadaune.com\/index.php\/muebles\/","title":{"rendered":"Muebles"},"content":{"rendered":"\n<h4 class=\"wp-block-heading has-text-align-center has-accent-color has-text-color\"><strong>Muebles de madera a medida en Cartagena<\/strong><\/h4>\n\n\n\n<p class=\"has-text-align-left\">En el mundo de la carpinter\u00eda, los muebles a medida son una forma de crear piezas \u00fanicas que se adaptan perfectamente a las necesidades del cliente. La fabricaci\u00f3n de muebles a medida implica un proceso detallado de dise\u00f1o y construcci\u00f3n que asegura que cada pieza sea \u00fanica y duradera.<\/p>\n\n\n<div class=\"wp-block-image\">\n<figure class=\"aligncenter size-large is-resized\"><img decoding=\"async\" src=\"https:\/\/alvaromadaune.com\/wp-content\/uploads\/2023\/05\/fabricacion-de-muebles-a-medida-1024x683.jpg\" alt=\"cajoneras a medida\" class=\"wp-image-275\" style=\"width:570px\" width=\"570\" srcset=\"https:\/\/alvaromadaune.com\/wp-content\/uploads\/2023\/05\/fabricacion-de-muebles-a-medida-1024x683.jpg 1024w, https:\/\/alvaromadaune.com\/wp-content\/uploads\/2023\/05\/fabricacion-de-muebles-a-medida-300x200.jpg 300w, https:\/\/alvaromadaune.com\/wp-content\/uploads\/2023\/05\/fabricacion-de-muebles-a-medida-768x512.jpg 768w, https:\/\/alvaromadaune.com\/wp-content\/uploads\/2023\/05\/fabricacion-de-muebles-a-medida-1536x1025.jpg 1536w, https:\/\/alvaromadaune.com\/wp-content\/uploads\/2023\/05\/fabricacion-de-muebles-a-medida-2048x1366.jpg 2048w\" sizes=\"(max-width: 1024px) 100vw, 1024px\" \/><\/figure>\n<\/div>\n\n\n<div style=\"height:55px\" aria-hidden=\"true\" class=\"wp-block-spacer\"><\/div>\n\n\n\n<h4 class=\"wp-block-heading has-text-align-center has-accent-color has-text-color\"><strong>\u00bfPor qu\u00e9 optar por un mueble hecho a tus necesidades?<\/strong><\/h4>\n\n\n\n<p class=\"has-text-align-left\">Los muebles a medida son la mejor opci\u00f3n para aquellos que buscan calidad y dise\u00f1o personalizado. La fabricaci\u00f3n de muebles a medida se basa en la idea de que cada pieza es \u00fanica y est\u00e1 dise\u00f1ada espec\u00edficamente para el cliente. <\/p>\n\n\n<div class=\"wp-block-image\">\n<figure class=\"aligncenter size-large is-resized\"><img decoding=\"async\" src=\"https:\/\/alvaromadaune.com\/wp-content\/uploads\/2023\/05\/Fabricacion-de-muebles-cartagena-1024x683.jpg\" alt=\"dise\u00f1o de muebles de madera\" class=\"wp-image-276\" style=\"width:570px\" width=\"570\" srcset=\"https:\/\/alvaromadaune.com\/wp-content\/uploads\/2023\/05\/Fabricacion-de-muebles-cartagena-1024x683.jpg 1024w, https:\/\/alvaromadaune.com\/wp-content\/uploads\/2023\/05\/Fabricacion-de-muebles-cartagena-300x200.jpg 300w, https:\/\/alvaromadaune.com\/wp-content\/uploads\/2023\/05\/Fabricacion-de-muebles-cartagena-768x512.jpg 768w, https:\/\/alvaromadaune.com\/wp-content\/uploads\/2023\/05\/Fabricacion-de-muebles-cartagena-1536x1024.jpg 1536w, https:\/\/alvaromadaune.com\/wp-content\/uploads\/2023\/05\/Fabricacion-de-muebles-cartagena-2048x1365.jpg 2048w\" sizes=\"(max-width: 1024px) 100vw, 1024px\" \/><\/figure>\n<\/div>\n\n\n<div style=\"height:55px\" aria-hidden=\"true\" class=\"wp-block-spacer\"><\/div>\n\n\n\n<h4 class=\"wp-block-heading has-text-align-center has-accent-color has-text-color\"><strong>\u00bfC\u00f3mo es el proceso de fabricaci\u00f3n del mueble?<\/strong><\/h4>\n\n\n\n<p class=\"has-text-align-left\">La fabricaci\u00f3n de muebles a medida implica un proceso de dise\u00f1o detallado. Los clientes trabajan con un dise\u00f1ador de interiores o un carpintero para crear un dise\u00f1o personalizado que se ajuste perfectamente a su espacio y necesidades. El dise\u00f1ador o carpintero tambi\u00e9n puede proporcionar consejos sobre materiales y colores que complementen la decoraci\u00f3n existente.<\/p>\n\n\n\n<div class=\"wp-block-buttons is-content-justification-center is-layout-flex wp-container-core-buttons-is-layout-16018d1d wp-block-buttons-is-layout-flex\">\n<div class=\"wp-block-button has-custom-font-size has-medium-font-size\"><a class=\"wp-block-button__link has-background wp-element-button\" href=\"https:\/\/alvaromadaune.com\/index.php\/presupuesto\/\" style=\"background-color:#ff3300\">Quiero mi presupuesto<\/a><\/div>\n<\/div>\n","protected":false},"excerpt":{"rendered":"<p>Muebles de madera a medida en Cartagena En el mundo de la carpinter\u00eda, los muebles a medida son una forma de crear piezas \u00fanicas que se adaptan perfectamente a las necesidades del cliente. La fabricaci\u00f3n de muebles a medida implica un proceso detallado de dise\u00f1o y construcci\u00f3n que asegura que cada pieza sea \u00fanica y &#8230; <a title=\"Muebles\" class=\"read-more\" href=\"https:\/\/alvaromadaune.com\/index.php\/muebles\/\" aria-label=\"M\u00e1s en Muebles\">Leer m\u00e1s<\/a><\/p>\n","protected":false},"author":1,"featured_media":43,"parent":0,"menu_order":0,"comment_status":"closed","ping_status":"closed","template":"","meta":{"footnotes":""},"class_list":["post-125","page","type-page","status-publish","has-post-thumbnail"],"yoast_head":"<!-- This site is optimized with the Yoast SEO plugin v24.4 - https:\/\/yoast.com\/wordpress\/plugins\/seo\/ -->\n<title>Muebles &#187; Carpinteros Cartagena<\/title>\n<meta name=\"robots\" content=\"index, follow, max-snippet:-1, max-image-preview:large, max-video-preview:-1\" \/>\n<link rel=\"canonical\" href=\"https:\/\/alvaromadaune.com\/index.php\/muebles\/\" \/>\n<meta property=\"og:locale\" content=\"es_ES\" \/>\n<meta property=\"og:type\" content=\"article\" \/>\n<meta property=\"og:title\" content=\"Muebles &#187; Carpinteros Cartagena\" \/>\n<meta property=\"og:description\" content=\"Muebles de madera a medida en Cartagena En el mundo de la carpinter\u00eda, los muebles a medida son una forma de crear piezas \u00fanicas que se adaptan perfectamente a las necesidades del cliente. La fabricaci\u00f3n de muebles a medida implica un proceso detallado de dise\u00f1o y construcci\u00f3n que asegura que cada pieza sea \u00fanica y ... Leer m\u00e1s\" \/>\n<meta property=\"og:url\" content=\"https:\/\/alvaromadaune.com\/index.php\/muebles\/\" \/>\n<meta property=\"og:site_name\" content=\"Carpinteros Cartagena\" \/>\n<meta property=\"article:modified_time\" content=\"2023-08-25T16:32:42+00:00\" \/>\n<meta property=\"og:image\" content=\"https:\/\/alvaromadaune.com\/wp-content\/uploads\/2023\/04\/fabricacion-de-muebles-a-medida.jpg\" \/>\n\t<meta property=\"og:image:width\" content=\"300\" \/>\n\t<meta property=\"og:image:height\" content=\"300\" \/>\n\t<meta property=\"og:image:type\" content=\"image\/jpeg\" \/>\n<meta name=\"twitter:card\" content=\"summary_large_image\" \/>\n<meta name=\"twitter:label1\" content=\"Tiempo de lectura\" \/>\n\t<meta name=\"twitter:data1\" content=\"2 minutos\" \/>\n<script type=\"application\/ld+json\" class=\"yoast-schema-graph\">{\"@context\":\"https:\/\/schema.org\",\"@graph\":[{\"@type\":\"WebPage\",\"@id\":\"https:\/\/alvaromadaune.com\/index.php\/muebles\/\",\"url\":\"https:\/\/alvaromadaune.com\/index.php\/muebles\/\",\"name\":\"Muebles &#187; Carpinteros Cartagena\",\"isPartOf\":{\"@id\":\"https:\/\/alvaromadaune.com\/#website\"},\"primaryImageOfPage\":{\"@id\":\"https:\/\/alvaromadaune.com\/index.php\/muebles\/#primaryimage\"},\"image\":{\"@id\":\"https:\/\/alvaromadaune.com\/index.php\/muebles\/#primaryimage\"},\"thumbnailUrl\":\"https:\/\/alvaromadaune.com\/wp-content\/uploads\/2023\/04\/fabricacion-de-muebles-a-medida.jpg\",\"datePublished\":\"2023-04-30T10:38:13+00:00\",\"dateModified\":\"2023-08-25T16:32:42+00:00\",\"breadcrumb\":{\"@id\":\"https:\/\/alvaromadaune.com\/index.php\/muebles\/#breadcrumb\"},\"inLanguage\":\"es\",\"potentialAction\":[{\"@type\":\"ReadAction\",\"target\":[\"https:\/\/alvaromadaune.com\/index.php\/muebles\/\"]}]},{\"@type\":\"ImageObject\",\"inLanguage\":\"es\",\"@id\":\"https:\/\/alvaromadaune.com\/index.php\/muebles\/#primaryimage\",\"url\":\"https:\/\/alvaromadaune.com\/wp-content\/uploads\/2023\/04\/fabricacion-de-muebles-a-medida.jpg\",\"contentUrl\":\"https:\/\/alvaromadaune.com\/wp-content\/uploads\/2023\/04\/fabricacion-de-muebles-a-medida.jpg\",\"width\":300,\"height\":300,\"caption\":\"fabricaci\u00f3n de muebles a medida en Cartagena\"},{\"@type\":\"BreadcrumbList\",\"@id\":\"https:\/\/alvaromadaune.com\/index.php\/muebles\/#breadcrumb\",\"itemListElement\":[{\"@type\":\"ListItem\",\"position\":1,\"name\":\"Portada\",\"item\":\"https:\/\/alvaromadaune.com\/\"},{\"@type\":\"ListItem\",\"position\":2,\"name\":\"Muebles\"}]},{\"@type\":\"WebSite\",\"@id\":\"https:\/\/alvaromadaune.com\/#website\",\"url\":\"https:\/\/alvaromadaune.com\/\",\"name\":\"Carpinteros Cartagena\",\"description\":\"Carpinteros con Experiencia en Cartagena\",\"publisher\":{\"@id\":\"https:\/\/alvaromadaune.com\/#organization\"},\"potentialAction\":[{\"@type\":\"SearchAction\",\"target\":{\"@type\":\"EntryPoint\",\"urlTemplate\":\"https:\/\/alvaromadaune.com\/?s={search_term_string}\"},\"query-input\":{\"@type\":\"PropertyValueSpecification\",\"valueRequired\":true,\"valueName\":\"search_term_string\"}}],\"inLanguage\":\"es\"},{\"@type\":\"Organization\",\"@id\":\"https:\/\/alvaromadaune.com\/#organization\",\"name\":\"Carpinteros Cartagena\",\"url\":\"https:\/\/alvaromadaune.com\/\",\"logo\":{\"@type\":\"ImageObject\",\"inLanguage\":\"es\",\"@id\":\"https:\/\/alvaromadaune.com\/#\/schema\/logo\/image\/\",\"url\":\"https:\/\/alvaromadaune.com\/wp-content\/uploads\/2023\/04\/cropped-carpinteros-cartagena-1.png\",\"contentUrl\":\"https:\/\/alvaromadaune.com\/wp-content\/uploads\/2023\/04\/cropped-carpinteros-cartagena-1.png\",\"width\":700,\"height\":120,\"caption\":\"Carpinteros Cartagena\"},\"image\":{\"@id\":\"https:\/\/alvaromadaune.com\/#\/schema\/logo\/image\/\"}}]}<\/script>\n<!-- \/ Yoast SEO plugin. -->","yoast_head_json":{"title":"Muebles &#187; Carpinteros Cartagena","robots":{"index":"index","follow":"follow","max-snippet":"max-snippet:-1","max-image-preview":"max-image-preview:large","max-video-preview":"max-video-preview:-1"},"canonical":"https:\/\/alvaromadaune.com\/index.php\/muebles\/","og_locale":"es_ES","og_type":"article","og_title":"Muebles &#187; Carpinteros Cartagena","og_description":"Muebles de madera a medida en Cartagena En el mundo de la carpinter\u00eda, los muebles a medida son una forma de crear piezas \u00fanicas que se adaptan perfectamente a las necesidades del cliente. La fabricaci\u00f3n de muebles a medida implica un proceso detallado de dise\u00f1o y construcci\u00f3n que asegura que cada pieza sea \u00fanica y ... Leer m\u00e1s","og_url":"https:\/\/alvaromadaune.com\/index.php\/muebles\/","og_site_name":"Carpinteros Cartagena","article_modified_time":"2023-08-25T16:32:42+00:00","og_image":[{"width":300,"height":300,"url":"https:\/\/alvaromadaune.com\/wp-content\/uploads\/2023\/04\/fabricacion-de-muebles-a-medida.jpg","type":"image\/jpeg"}],"twitter_card":"summary_large_image","twitter_misc":{"Tiempo de lectura":"2 minutos"},"schema":{"@context":"https:\/\/schema.org","@graph":[{"@type":"WebPage","@id":"https:\/\/alvaromadaune.com\/index.php\/muebles\/","url":"https:\/\/alvaromadaune.com\/index.php\/muebles\/","name":"Muebles &#187; Carpinteros Cartagena","isPartOf":{"@id":"https:\/\/alvaromadaune.com\/#website"},"primaryImageOfPage":{"@id":"https:\/\/alvaromadaune.com\/index.php\/muebles\/#primaryimage"},"image":{"@id":"https:\/\/alvaromadaune.com\/index.php\/muebles\/#primaryimage"},"thumbnailUrl":"https:\/\/alvaromadaune.com\/wp-content\/uploads\/2023\/04\/fabricacion-de-muebles-a-medida.jpg","datePublished":"2023-04-30T10:38:13+00:00","dateModified":"2023-08-25T16:32:42+00:00","breadcrumb":{"@id":"https:\/\/alvaromadaune.com\/index.php\/muebles\/#breadcrumb"},"inLanguage":"es","potentialAction":[{"@type":"ReadAction","target":["https:\/\/alvaromadaune.com\/index.php\/muebles\/"]}]},{"@type":"ImageObject","inLanguage":"es","@id":"https:\/\/alvaromadaune.com\/index.php\/muebles\/#primaryimage","url":"https:\/\/alvaromadaune.com\/wp-content\/uploads\/2023\/04\/fabricacion-de-muebles-a-medida.jpg","contentUrl":"https:\/\/alvaromadaune.com\/wp-content\/uploads\/2023\/04\/fabricacion-de-muebles-a-medida.jpg","width":300,"height":300,"caption":"fabricaci\u00f3n de muebles a medida en Cartagena"},{"@type":"BreadcrumbList","@id":"https:\/\/alvaromadaune.com\/index.php\/muebles\/#breadcrumb","itemListElement":[{"@type":"ListItem","position":1,"name":"Portada","item":"https:\/\/alvaromadaune.com\/"},{"@type":"ListItem","position":2,"name":"Muebles"}]},{"@type":"WebSite","@id":"https:\/\/alvaromadaune.com\/#website","url":"https:\/\/alvaromadaune.com\/","name":"Carpinteros Cartagena","description":"Carpinteros con Experiencia en Cartagena","publisher":{"@id":"https:\/\/alvaromadaune.com\/#organization"},"potentialAction":[{"@type":"SearchAction","target":{"@type":"EntryPoint","urlTemplate":"https:\/\/alvaromadaune.com\/?s={search_term_string}"},"query-input":{"@type":"PropertyValueSpecification","valueRequired":true,"valueName":"search_term_string"}}],"inLanguage":"es"},{"@type":"Organization","@id":"https:\/\/alvaromadaune.com\/#organization","name":"Carpinteros Cartagena","url":"https:\/\/alvaromadaune.com\/","logo":{"@type":"ImageObject","inLanguage":"es","@id":"https:\/\/alvaromadaune.com\/#\/schema\/logo\/image\/","url":"https:\/\/alvaromadaune.com\/wp-content\/uploads\/2023\/04\/cropped-carpinteros-cartagena-1.png","contentUrl":"https:\/\/alvaromadaune.com\/wp-content\/uploads\/2023\/04\/cropped-carpinteros-cartagena-1.png","width":700,"height":120,"caption":"Carpinteros Cartagena"},"image":{"@id":"https:\/\/alvaromadaune.com\/#\/schema\/logo\/image\/"}}]}},"_links":{"self":[{"href":"https:\/\/alvaromadaune.com\/index.php\/wp-json\/wp\/v2\/pages\/125","targetHints":{"allow":["GET"]}}],"collection":[{"href":"https:\/\/alvaromadaune.com\/index.php\/wp-json\/wp\/v2\/pages"}],"about":[{"href":"https:\/\/alvaromadaune.com\/index.php\/wp-json\/wp\/v2\/types\/page"}],"author":[{"embeddable":true,"href":"https:\/\/alvaromadaune.com\/index.php\/wp-json\/wp\/v2\/users\/1"}],"replies":[{"embeddable":true,"href":"https:\/\/alvaromadaune.com\/index.php\/wp-json\/wp\/v2\/comments?post=125"}],"version-history":[{"count":13,"href":"https:\/\/alvaromadaune.com\/index.php\/wp-json\/wp\/v2\/pages\/125\/revisions"}],"predecessor-version":[{"id":551,"href":"https:\/\/alvaromadaune.com\/index.php\/wp-json\/wp\/v2\/pages\/125\/revisions\/551"}],"wp:featuredmedia":[{"embeddable":true,"href":"https:\/\/alvaromadaune.com\/index.php\/wp-json\/wp\/v2\/media\/43"}],"wp:attachment":[{"href":"https:\/\/alvaromadaune.com\/index.php\/wp-json\/wp\/v2\/media?parent=125"}],"curies":[{"name":"wp","href":"https:\/\/api.w.org\/{rel}","templated":true}]}}