{"id":373,"date":"2023-05-08T11:51:14","date_gmt":"2023-05-08T11:51:14","guid":{"rendered":"https:\/\/alvaromadaune.com\/index.php\/personalizar-cookies\/"},"modified":"2023-05-08T11:51:14","modified_gmt":"2023-05-08T11:51:14","slug":"personalizar-cookies","status":"publish","type":"page","link":"https:\/\/alvaromadaune.com\/index.php\/personalizar-cookies\/","title":{"rendered":"Personalizar Cookies"},"content":{"rendered":"\n<div>\n      <div id=\"custom-cookies-eu-label\">\n          El sitio Web https:\/\/alvaromadaune.com utiliza cookies propias y de terceros para su correcto funcionamiento y para fines anal\u00edticos. Al hacer clic en el bot\u00f3n Aceptar, acepta el uso de estas tecnolog\u00edas y el procesamiento de sus datos para estos prop\u00f3sitos.          \n\n      <\/div>\n\n      <div id=\"custom-cookies-eu-buttons\" class=\"cookies-eu-buttons\">\n        <button id=\"custom-cookies-eu-reject\" class=\"cookies-eu-reject\">Rechazar<\/button>\n        <button id=\"custom-cookies-eu-accept\" class=\"cookies-eu-accept\">ACEPTAR TODAS LAS COOKIES<\/button><\/div>\n      <\/div>\n\n<br\/>\n<p>\n\tPuedes cambiar tus preferencias de cookies en cualquier momento si vuelves a la p\u00e1gina de Personalizar cookies, a la que puedes acceder a trav\u00e9s del Aviso de cookies. Para obtener m\u00e1s informaci\u00f3n sobre las cookies y c\u00f3mo las usamos, consulta la p\u00e1gina de <a href=\"https:\/\/alvaromadaune.com\/index.php\/politica-de-cookies\/\">Pol\u00edtica de Cookies<\/a>.\n<\/p>\n\n<h3>Cookies t\u00e9cnicas<\/h3>\n<p>\n\tSon aquellas que permiten a los usuarios registrados navegar a trav\u00e9s del sitio Web, del \u00e1rea restringida y a utilizar sus diferentes funciones, como por ejemplo, el sistema de comentarios o el buscador y no pueden ser desactivadas.\n<\/p>\n\n<div class=\"custom-cookies-option\">\n  <h3>Cookies de an\u00e1lisis o medici\u00f3n<\/h3>\n  <span>\n    <input type=\"radio\" name=\"cookies-analytics-option\" value=\"true\" class=\"custom-cookies-radio\" data-consent=\"ANLTCS\" id=\"custom-cookies-accept-analytics\" >\n    <label for=\"custom-cookies-accept-analytics\">Activar<\/label>\n    &nbsp;&nbsp;\n    <input type=\"radio\" name=\"cookies-analytics-option\" value=\"false\" class=\"custom-cookies-radio\" data-consent=\"ANLTCS\" id=\"custom-cookies-reject-analytics\" \n    checked>\n    <label for=\"custom-cookies-reject-analytics\">Desactivar<\/label>\n<\/span>\n<\/div>\n\n<p>\n\tSon aquellas que, bien tratadas por el sitio Web o por terceros, permiten cuantificar el n\u00famero de usuarios y as\u00ed realizar la medici\u00f3n y an\u00e1lisis estad\u00edstico de la utilizaci\u00f3n que hacen los usuarios del sitio Web. Para ello se analiza la navegaci\u00f3n que realizas en este sitio Web con el fin de mejorarlo.\n<\/p>\n\n\n","protected":false},"excerpt":{"rendered":"<p>El sitio Web https:\/\/alvaromadaune.com utiliza cookies propias y de terceros para su correcto funcionamiento y para fines anal\u00edticos. Al hacer clic en el bot\u00f3n Aceptar, acepta el uso de estas tecnolog\u00edas y el procesamiento de sus datos para estos prop\u00f3sitos. Rechazar ACEPTAR TODAS LAS COOKIES Puedes cambiar tus preferencias de cookies en cualquier momento si &#8230; <a title=\"Personalizar Cookies\" class=\"read-more\" href=\"https:\/\/alvaromadaune.com\/index.php\/personalizar-cookies\/\" aria-label=\"M\u00e1s en Personalizar Cookies\">Leer m\u00e1s<\/a><\/p>\n","protected":false},"author":1,"featured_media":0,"parent":0,"menu_order":0,"comment_status":"closed","ping_status":"closed","template":"","meta":{"footnotes":""},"class_list":["post-373","page","type-page","status-publish"],"yoast_head":"<!-- This site is optimized with the Yoast SEO plugin v24.4 - https:\/\/yoast.com\/wordpress\/plugins\/seo\/ -->\n<title>Personalizar Cookies &#187; Carpinteros Cartagena<\/title>\n<meta name=\"robots\" content=\"index, follow, max-snippet:-1, max-image-preview:large, max-video-preview:-1\" \/>\n<link rel=\"canonical\" href=\"https:\/\/alvaromadaune.com\/index.php\/personalizar-cookies\/\" \/>\n<meta property=\"og:locale\" content=\"es_ES\" \/>\n<meta property=\"og:type\" content=\"article\" \/>\n<meta property=\"og:title\" content=\"Personalizar Cookies &#187; Carpinteros Cartagena\" \/>\n<meta property=\"og:description\" content=\"El sitio Web https:\/\/alvaromadaune.com utiliza cookies propias y de terceros para su correcto funcionamiento y para fines anal\u00edticos. Al hacer clic en el bot\u00f3n Aceptar, acepta el uso de estas tecnolog\u00edas y el procesamiento de sus datos para estos prop\u00f3sitos. Rechazar ACEPTAR TODAS LAS COOKIES Puedes cambiar tus preferencias de cookies en cualquier momento si ... Leer m\u00e1s\" \/>\n<meta property=\"og:url\" content=\"https:\/\/alvaromadaune.com\/index.php\/personalizar-cookies\/\" \/>\n<meta property=\"og:site_name\" content=\"Carpinteros Cartagena\" \/>\n<meta name=\"twitter:card\" content=\"summary_large_image\" \/>\n<script type=\"application\/ld+json\" class=\"yoast-schema-graph\">{\"@context\":\"https:\/\/schema.org\",\"@graph\":[{\"@type\":\"WebPage\",\"@id\":\"https:\/\/alvaromadaune.com\/index.php\/personalizar-cookies\/\",\"url\":\"https:\/\/alvaromadaune.com\/index.php\/personalizar-cookies\/\",\"name\":\"Personalizar Cookies &#187; Carpinteros Cartagena\",\"isPartOf\":{\"@id\":\"https:\/\/alvaromadaune.com\/#website\"},\"datePublished\":\"2023-05-08T11:51:14+00:00\",\"breadcrumb\":{\"@id\":\"https:\/\/alvaromadaune.com\/index.php\/personalizar-cookies\/#breadcrumb\"},\"inLanguage\":\"es\",\"potentialAction\":[{\"@type\":\"ReadAction\",\"target\":[\"https:\/\/alvaromadaune.com\/index.php\/personalizar-cookies\/\"]}]},{\"@type\":\"BreadcrumbList\",\"@id\":\"https:\/\/alvaromadaune.com\/index.php\/personalizar-cookies\/#breadcrumb\",\"itemListElement\":[{\"@type\":\"ListItem\",\"position\":1,\"name\":\"Portada\",\"item\":\"https:\/\/alvaromadaune.com\/\"},{\"@type\":\"ListItem\",\"position\":2,\"name\":\"Personalizar Cookies\"}]},{\"@type\":\"WebSite\",\"@id\":\"https:\/\/alvaromadaune.com\/#website\",\"url\":\"https:\/\/alvaromadaune.com\/\",\"name\":\"Carpinteros Cartagena\",\"description\":\"Carpinteros con Experiencia en Cartagena\",\"publisher\":{\"@id\":\"https:\/\/alvaromadaune.com\/#organization\"},\"potentialAction\":[{\"@type\":\"SearchAction\",\"target\":{\"@type\":\"EntryPoint\",\"urlTemplate\":\"https:\/\/alvaromadaune.com\/?s={search_term_string}\"},\"query-input\":{\"@type\":\"PropertyValueSpecification\",\"valueRequired\":true,\"valueName\":\"search_term_string\"}}],\"inLanguage\":\"es\"},{\"@type\":\"Organization\",\"@id\":\"https:\/\/alvaromadaune.com\/#organization\",\"name\":\"Carpinteros Cartagena\",\"url\":\"https:\/\/alvaromadaune.com\/\",\"logo\":{\"@type\":\"ImageObject\",\"inLanguage\":\"es\",\"@id\":\"https:\/\/alvaromadaune.com\/#\/schema\/logo\/image\/\",\"url\":\"https:\/\/alvaromadaune.com\/wp-content\/uploads\/2023\/04\/cropped-carpinteros-cartagena-1.png\",\"contentUrl\":\"https:\/\/alvaromadaune.com\/wp-content\/uploads\/2023\/04\/cropped-carpinteros-cartagena-1.png\",\"width\":700,\"height\":120,\"caption\":\"Carpinteros Cartagena\"},\"image\":{\"@id\":\"https:\/\/alvaromadaune.com\/#\/schema\/logo\/image\/\"}}]}<\/script>\n<!-- \/ Yoast SEO plugin. -->","yoast_head_json":{"title":"Personalizar Cookies &#187; Carpinteros Cartagena","robots":{"index":"index","follow":"follow","max-snippet":"max-snippet:-1","max-image-preview":"max-image-preview:large","max-video-preview":"max-video-preview:-1"},"canonical":"https:\/\/alvaromadaune.com\/index.php\/personalizar-cookies\/","og_locale":"es_ES","og_type":"article","og_title":"Personalizar Cookies &#187; Carpinteros Cartagena","og_description":"El sitio Web https:\/\/alvaromadaune.com utiliza cookies propias y de terceros para su correcto funcionamiento y para fines anal\u00edticos. Al hacer clic en el bot\u00f3n Aceptar, acepta el uso de estas tecnolog\u00edas y el procesamiento de sus datos para estos prop\u00f3sitos. Rechazar ACEPTAR TODAS LAS COOKIES Puedes cambiar tus preferencias de cookies en cualquier momento si ... Leer m\u00e1s","og_url":"https:\/\/alvaromadaune.com\/index.php\/personalizar-cookies\/","og_site_name":"Carpinteros Cartagena","twitter_card":"summary_large_image","schema":{"@context":"https:\/\/schema.org","@graph":[{"@type":"WebPage","@id":"https:\/\/alvaromadaune.com\/index.php\/personalizar-cookies\/","url":"https:\/\/alvaromadaune.com\/index.php\/personalizar-cookies\/","name":"Personalizar Cookies &#187; Carpinteros Cartagena","isPartOf":{"@id":"https:\/\/alvaromadaune.com\/#website"},"datePublished":"2023-05-08T11:51:14+00:00","breadcrumb":{"@id":"https:\/\/alvaromadaune.com\/index.php\/personalizar-cookies\/#breadcrumb"},"inLanguage":"es","potentialAction":[{"@type":"ReadAction","target":["https:\/\/alvaromadaune.com\/index.php\/personalizar-cookies\/"]}]},{"@type":"BreadcrumbList","@id":"https:\/\/alvaromadaune.com\/index.php\/personalizar-cookies\/#breadcrumb","itemListElement":[{"@type":"ListItem","position":1,"name":"Portada","item":"https:\/\/alvaromadaune.com\/"},{"@type":"ListItem","position":2,"name":"Personalizar Cookies"}]},{"@type":"WebSite","@id":"https:\/\/alvaromadaune.com\/#website","url":"https:\/\/alvaromadaune.com\/","name":"Carpinteros Cartagena","description":"Carpinteros con Experiencia en Cartagena","publisher":{"@id":"https:\/\/alvaromadaune.com\/#organization"},"potentialAction":[{"@type":"SearchAction","target":{"@type":"EntryPoint","urlTemplate":"https:\/\/alvaromadaune.com\/?s={search_term_string}"},"query-input":{"@type":"PropertyValueSpecification","valueRequired":true,"valueName":"search_term_string"}}],"inLanguage":"es"},{"@type":"Organization","@id":"https:\/\/alvaromadaune.com\/#organization","name":"Carpinteros Cartagena","url":"https:\/\/alvaromadaune.com\/","logo":{"@type":"ImageObject","inLanguage":"es","@id":"https:\/\/alvaromadaune.com\/#\/schema\/logo\/image\/","url":"https:\/\/alvaromadaune.com\/wp-content\/uploads\/2023\/04\/cropped-carpinteros-cartagena-1.png","contentUrl":"https:\/\/alvaromadaune.com\/wp-content\/uploads\/2023\/04\/cropped-carpinteros-cartagena-1.png","width":700,"height":120,"caption":"Carpinteros Cartagena"},"image":{"@id":"https:\/\/alvaromadaune.com\/#\/schema\/logo\/image\/"}}]}},"_links":{"self":[{"href":"https:\/\/alvaromadaune.com\/index.php\/wp-json\/wp\/v2\/pages\/373","targetHints":{"allow":["GET"]}}],"collection":[{"href":"https:\/\/alvaromadaune.com\/index.php\/wp-json\/wp\/v2\/pages"}],"about":[{"href":"https:\/\/alvaromadaune.com\/index.php\/wp-json\/wp\/v2\/types\/page"}],"author":[{"embeddable":true,"href":"https:\/\/alvaromadaune.com\/index.php\/wp-json\/wp\/v2\/users\/1"}],"replies":[{"embeddable":true,"href":"https:\/\/alvaromadaune.com\/index.php\/wp-json\/wp\/v2\/comments?post=373"}],"version-history":[{"count":0,"href":"https:\/\/alvaromadaune.com\/index.php\/wp-json\/wp\/v2\/pages\/373\/revisions"}],"wp:attachment":[{"href":"https:\/\/alvaromadaune.com\/index.php\/wp-json\/wp\/v2\/media?parent=373"}],"curies":[{"name":"wp","href":"https:\/\/api.w.org\/{rel}","templated":true}]}}